 31. What are the prime factors of z?
2, 3
Suppose -6 = -3*a + 6. Let j(w) = w**2 + 3*w - 5. List the prime factors of j(a).
23
Suppose a + 22 = 3*a. Let d = a - 5. What are the prime factors of d?
2, 3
Let q(f) be the third derivative of -f**6/120 - f**5/30 - f**3/6 - 9*f**2. Suppose -3*v = -3*z - 24, -17 = z - 4*v + 6. What are the prime factors of q(z)?
2
Let w(b) = -b - 2. Suppose -34 = 3*h - k, 3*h + 14 + 32 = 4*k. List the prime factors of w(h).
2
Suppose 5*g - 5*u - 75 = 0, -g + 2*u + 9 = -1. What are the prime factors of g?
2, 5
Let t(r) = -r**3 - 11*r**2 - 12*r + 13. List the prime factors of t(-12).
7, 43
Suppose -4*y = -3*v - 22, 0 = 2*y - 4*y + 5*v + 4. What are the prime factors of (-2)/y + (-1060)/(-35)?
2, 3, 5
Let l = 8 + -18. Let p = l - -7. List the prime factors of (16/6)/((-1)/p).
2
Suppose -5*r + 3*z + 21 = 91, -20 = 4*z. Suppose -4*n = 3*o + 13, 3*o = n - 0*n + 22. Let s = n - r. List the prime factors of s.
2, 5
Suppose -5*a + 626 = -2*c, -2*a - 5*c = -7*a + 620. List the prime factors of a.
2, 3, 7
Let t = -6 - 44. What are the prime factors of ((-14)/5)/(5/t)?
2, 7
Suppose z + 5 = 0, 3*i + 0*i - 3*z - 21 = 0. Let m(f) = 15*f**2 - 3*f + 1. List the prime factors of m(i).
5, 11
List the prime factors of (-6)/(-4)*(-4 - -18).
3, 7
Suppose 0 = k + 3*l - 26, l + 16 = k - l. Let q = k - 2. What are the prime factors of q?
2, 3
Let j(a) = -a**3 - 5*a**2 - 6*a. Let g be j(-5). Let z = g - 18. List the prime factors of z.
2, 3
Suppose -3*f + 109 = -4*y, 2*f + 4*y = -26 + 92. Suppose -4*n + 25 = -f. List the prime factors of n.
3, 5
Suppose 14 = 2*z - 4*m, z + 2*m - 1 = m. Suppose -z*v - v + 8 = 0. Suppose v*l + h - 7 = l, -5*h = 2*l - 14. List the prime factors of l.
7
Suppose 7*o = 3*o. Let i(f) = f + 58. List the prime factors of i(o).
2, 29
Suppose -i - 2*i + 2*z + 340 = 0, -452 = -4*i + 2*z. List the prime factors of i.
2, 7
Suppose 2*r - 9 = -r. Suppose -4*s = 5*y - 36, -4*s + 7 + 21 = r*y. Let t(w) = -w**2 + 7*w + 4. List the prime factors of t(y).
2
Let k be 148/6 + 2/(-3). Let i be 3/(-3)*9/(-2)*-2. Let g = i + k. What are the prime factors of g?
3, 5
Suppose 5*j = -5*u + 9*u + 634, 0 = -j - 3*u + 142. List the prime factors of j.
2, 5, 13
Let z(s) = -3*s - 3. Let b be z(-2). Suppose 2*l + r = -4*r + 36, -2*r = -b*l + 35. List the prime factors of l.
13
Let i(n) = 5*n**2 + 3*n. Let m be i(-2). List the prime factors of (m/4)/((-9)/(-18)).
7
Let r(n) = -n - 7. Let t be r(-7). Suppose t*i = -i. Suppose -h + 4*o + 6 = -10, -4*o = i. List the prime factors of h.
2
What are the prime factors of (-15)/30 + (-297)/(-2)?
2, 37
Suppose -b + 0*j + 326 = -5*j, 0 = 4*b + 2*j - 1392. List the prime factors of b.
2, 173
List the prime factors of 3/(3/(-4)) + (155 - 2).
149
Suppose -2*o = -3*o + 19. Let l = o - 5. List the prime factors of l.
2, 7
Let u be 18/2*(-4)/(-12). Suppose -u*j - 13 = -d, 4*d + 4*j = -9 + 29. Let f = d + -3. What are the prime factors of f?
2
Let x(i) = i**3 + 9*i**2 + 7*i - 1. What are the prime factors of x(-6)?
5, 13
Let d be (-4)/(-14) - 5/(-7). What are the prime factors of 1/d - (11 + -12)?
2
Let i(n) = -6 + 27*n - 18*n + n. What are the prime factors of i(3)?
2, 3
Suppose r = -r + 36. List the prime factors of r.
2, 3
Let m be -2 + (5 - (-1 - 0)). Suppose 32 = m*v - 8. List the prime factors of v.
2, 5
Let m = 86 + -56. List the prime factors of m.
2, 3, 5
Let g(h) = h**2 - 8*h + 9. Let u be g(6). Let x = u - -7. What are the prime factors of x?
2
Let u = 138 + -47. What are the prime factors of u?
7, 13
Suppose -3*h + 22 = -i, 3*h - 12 = 5*i + 2. List the prime factors of h.
2
Let f(x) = 10*x**2 - 5*x + 13. What are the prime factors of f(4)?
3, 17
Let c = 20 + -14. Suppose 58 = 3*f + 2*i - c*i, -2*f + 39 = -3*i. What are the prime factors of f?
2, 3
Suppose 4*w - 78 = -5*j, -66 = -5*j - 2*w + 4*w. What are the prime factors of (12/j)/(3/21)?
2, 3
Let s(w) = -2*w**3 - w**2 - w. Let o be s(-1). Let x(k) = k + 7 + 2*k - o*k. List the prime factors of x(-5).
2
Let x(m) = -m**3 + m + 3. Let q be x(0). Let k be 3 - (7 + q) - 0. List the prime factors of (k + 2)*(-2)/5.
2
Suppose -123 = 3*z - 6*z. List the prime factors of z.
41
List the prime factors of -26*(-4 + (-21)/(-6)).
13
Suppose v = 4*s - 7, -8 = -3*s - 3*v + 1. Suppose 0 = -s*w + 34 - 10. List the prime factors of w.
2, 3
Suppose -4*o = -7*o - 585. What are the prime factors of o/(-9) - (-4)/(-6)?
3, 7
Suppose -16 = 4*i - 48. Let z = -6 + i. Suppose -n = z - 16. List the prime factors of n.
2, 7
List the prime factors of 19 + -22 + (136 - 0).
7, 19
Let u(d) = 2*d**2 - 5*d - 7. Let k = 19 - 13. What are the prime factors of u(k)?
5, 7
Let m = -7 + 3. Let z(f) = 3*f**2 - 7*f + 10. Let p(y) = -5*y**2 + 10*y - 15. Let s(b) = 5*p(b) + 8*z(b). List the prime factors of s(m).
13
Suppose -f - t + 11 = 0, -f - 5*t + 22 = f. Let k = f + -6. What are the prime factors of k?
5
Let o(i) = -3*i - 13. Let h be o(-11). Suppose c - 88 = -h. Let z = c + -48. What are the prime factors of z?
2, 5
Let q = -17 - -39. Suppose 33 = 4*v - 5*o, q = 3*v - 5*o - 9. List the prime factors of v.
2
Let r = 17 - 16. What are the prime factors of (35/2)/(r/2)?
5, 7
Let s(i) = 31*i + 2. What are the prime factors of s(6)?
2, 47
Let h be (-14)/(-6) - 1/3. Suppose s - 18 = -h*r + 13, r - 17 = -s. What are the prime factors of r?
2, 7
Suppose -4*g + 159 + 85 = 4*h, 0 = 4*h - 3*g - 272. List the prime factors of h.
5, 13
Suppose 102 - 30 = 2*g. Suppose 0 = 3*d - g - 15. What are the prime factors of d?
17
Suppose -y = 3*d - 7, 2*y + 3*d = 6*d + 5. Suppose -y*c + 25 = -119. What are the prime factors of c?
2, 3
Suppose -j + 303 = -3*r, 3*j + 5*r - 935 = r. List the prime factors of j.
3, 103
Let p(l) = -l**3 + 13*l**2 + 18*l - 18. List the prime factors of p(14).
2, 19
Suppose 4*l - 5*n = 41, -4*l + 49 = -4*n + 13. Suppose 6 + 2 = -l*f. List the prime factors of ((-8)/f)/2 + 2.
2
Suppose 2*a - 6*a + 164 = 2*q, 44 = a - q. Suppose 0 = -2*g - 12 + a. List the prime factors of g.
3, 5
Let w(r) = -2*r - 6. Let s be w(-5). Suppose -3*t + 4*o + 38 = 9*o, -88 = -5*t + s*o. What are the prime factors of t?
2
Let g(r) = r**3 - 13*r**2 + 3*r - 4. What are the prime factors of g(13)?
5, 7
Let f(s) = s + 2. Suppose 0*p - 3*p + 15 = 0. Let j be f(p). Suppose 5*g - j = -3*z + 9, 2*z - g - 2 = 0. List the prime factors of z.
2
Suppose 5*q - 15 = 115. What are the prime factors of q?
2, 13
Let r be 52/(-14) - (-8)/(-28). Let b = 19 + r. List the prime factors of b.
3, 5
Suppose 35 = l - a + 10, -a - 115 = -4*l. Suppose -5*q = -2*q - 9. Suppose 0 = -3*r - q*g + l, 4*r - g = 2*g + 54. List the prime factors of r.
2, 3
What are the prime factors of (2 - 1)*(-6 + 35)?
29
Suppose 0 = -4*q + 20, 2*j = 3*j - q - 1. Let o(y) = 0*y - 4*y**2 + 3*y + 4*y + 3*y**2. List the prime factors of o(j).
2, 3
Let y = -1 - -3. Let x(h) = -h + 3. Let b be x(-4). Suppose -4*v + 5*j - b = 0, -2*j = v - 5*v + y. What are the prime factors of v?
2
Let z(j) = -j - 6. Let c be ((-3)/3)/((-1)/(-5)). Let x be z(c). What are the prime factors of (-22 + x)*(1 + -2)?
23
Let v be 3 + 0*(-3)/(-9). Suppose v = -5*r - 52. Let j = r - -16. What are the prime factors of j?
5
Let m be -2 + (24*1)/(-1). Let w = m + 37. List the prime factors of w.
11
Suppose -5*r = -3*n - 46, -2*r + 0*n = -4*n - 24. Let x(l) = 0*l**3 - 9*l - 5 + 10*l**2 + r*l + l**3. What are the prime factors of x(-10)?
5
Let g = 316 - 168. What are the prime factors of g?
2, 37
Suppose 6*v + 5 = 71. What are the prime factors of v?
11
Let p = -2 - -17. What are the prime factors of p?
3, 5
Suppose 0 = -2*w + 4 + 8. Let r = 6 - w. Suppose 0*s + 3*s - 18 = r. What are the prime factors of s?
2, 3
Let o(d) = 3*d - 16. What are the prime factors of o(6)?
2
Let o = -22 + 24. Suppose o*v - 110 = -3*v. What are the prime factors of v?
2, 11
Let r(b) = b**2 - 9*b + 15. What are the prime factors of r(10)?
5
Let q(b) be the first derivative of -b**3 + 2. Let r be q(-2). Let h = -4 - r. List the prime factors of h.
2
Let b = 190 - -16. List the prime factors of b.
2, 103
Suppose 3 = -u + 1, 86 = 4*t + 3*u. Let x = -12 + t. Suppose -3*y + 14 = 3*w - 1, y - w = x. List the prime factors of y.
2
Let i(z) = z + 4. Let c be i(-6). Suppose -5*a - 2*w - 29 = 253, -4*a + 4*w = 220. Lis